 - 159 = -3*o. Is v a prime number?
False
Suppose 0 = -0*x - 3*x + 24. Is ((-326)/x)/((-1)/4) prime?
True
Suppose 0*n - n = -5. Suppose -3*c + 97 = 5*i, -105 + 7 = -2*c + n*i. Is c a prime number?
False
Let o = 169 - 22. Let v be -3*(1 + o/9). Let x = v - -141. Is x composite?
False
Let m(t) = 59*t**3 - t**2. Let o be m(1). Let l = o - -155. Is l prime?
False
Let y be (-74)/8*(-6 + 2). Let x = y + 41. Suppose 29 = -u + x. Is u composite?
True
Let y be (35/4)/((-5)/(-100)). Suppose 5*s = -2*z + y, s = 3*s + 2*z - 70. Is s a prime number?
False
Suppose -6*q + 2*q = 488. Let m be 2/(-10) - q/10. Let j = m + 14. Is j composite?
True
Suppose 2*p + 10 = -h - 2*h, -4*p = -4*h - 20. Let z(v) = -13*v + 3. Is z(h) a composite number?
True
Let z = -32 + 51. Let g = 2 + z. Is g a composite number?
True
Let z be (24/28)/((-3)/(-14)). Suppose 230 = z*x + x. Is x a composite number?
True
Let b(r) = -22*r - 13. Is b(-5) prime?
True
Suppose -u = -1, -2329 = v - 5*v - 5*u. Is v a composite number?
True
Let r be (24/16)/((-6)/(-32)). Let d = 19 - r. Is d a prime number?
True
Suppose 0 = 4*q - 2*b - 0*b - 16, 0 = q + 2*b + 1. Let s = 24 + -13. Is s*(3 - 6/q) composite?
False
Let v(z) be the second derivative of -z**7/840 + 7*z**5/120 - z**4/24 - z**3/6 + 2*z. Let u(a) be the second derivative of v(a). Is u(-5) composite?
False
Let r(x) = -12*x**2 - 3*x + 3. Let y(u) = -49*u**2 - 11*u + 11. Let g(v) = -22*r(v) + 6*y(v). Let a be g(-1). Let p = -11 - a. Is p prime?
True
Let k be (-4)/12 - 14/(-6). Let i be -2*((-6)/4 + 2). Is i*((4 - k) + -67) a prime number?
False
Suppose -2*l + 613 = -2733. Is l composite?
True
Let v(f) = f**2 + 4. Let b be 7/5 + (-9)/(-15). Let s = 5 - b. Is v(s) composite?
False
Let i be (-28)/(-6) - 2/3. Suppose -i*n = -1 - 7. Is 2*21/n*1 composite?
True
Suppose -3*q + 6 = -q + 2*w, 5*w = -2*q + 9. Suppose -q*f + 14 = -6. Is f a composite number?
True
Suppose 4*q = 2*q + 170. Suppose -q = -2*l + 81. Is l a composite number?
False
Let g be (-39736)/(-52) + (-4)/26. Suppose 4*s = 12, 2*o + s = -0*o + 13. Suppose a + g = o*a. Is a a prime number?
True
Suppose 0 = -5*r + z - 0*z + 38, 4*z + 26 = 2*r. Let i(h) be the first derivative of h**3/3 - h**2 - 2*h + 5. Is i(r) a composite number?
True
Let c = 674 + -423. Is c prime?
True
Let f(i) = i**3 - 5*i**2 + 5*i - 35. Let k(l) = -l - 10. Let w be k(-5). Let a(g) = g**3 - 6*g**2 + 6*g - 34. Let r(x) = w*f(x) + 4*a(x). Is r(0) prime?
False
Suppose -2*i + 1190 = -380. Is i a composite number?
True
Suppose -2*d - 12 = -4*v, -4*d + d - 33 = -3*v. Let h be (42/8)/((-6)/d). Suppose -2*a - h = -3*a. Is a a prime number?
False
Suppose 2*v - 9 = 3*v. Let o = 24 + v. Is o a prime number?
False
Let m = 552 + -323. Let u = m + -18. Is u prime?
True
Suppose 0 = h + 5*c + 8, -3*h = 4*c + 1 + 1. Suppose h*i + 2 = i, 3*t - 3*i = 684. Is t prime?
False
Suppose -4*q + 2155 = -a, -5*q + a + 2681 = 4*a. Is q a composite number?
True
Let w(i) = -3*i**3 - 2*i**2 + 5*i - 1. Let g be w(4). Let u be ((-8)/10)/(1/g). Suppose z + 0*b = -b + u, 4*b = 5*z - 793. Is z composite?
True
Suppose 4*y = y. Let g be (-17 - 0)/((-6)/42). Suppose y*h - g = -h. Is h a prime number?
False
Let h be (-8)/(-10)*25/2. Suppose 3*i - 45 = b, -2*b - 2*b + 4*i - 180 = 0. Let s = h - b. Is s composite?
True
Suppose 9*f - 4*f = -300. Let z = -23 - f. Is z prime?
True
Let p = 770 + -211. Is p prime?
False
Suppose -q - 8 = -3*q. Let b be (-190)/q*(-16)/10. Suppose -b = -0*c - 2*c. Is c a prime number?
False
Is ((-66)/(-5))/(12/680) + 3 a prime number?
True
Let b be (-1)/(0 - 3/(-9)). Let x be ((-2)/(-3))/(b/(-9)). Suppose 323 = x*j + 2*j + 5*q, 5*j = q + 382. Is j prime?
False
Is (-1 + -1257)*(-20)/8 - 2 composite?
True
Is -3 + 7 + 237/3 a prime number?
True
Let b = -28 - -125. Is b composite?
False
Let x = 828 - 385. Is x composite?
False
Let q(o) = o + 1. Let z be q(-2). Let t = z - -5. Suppose 0 = t*d - 3*b - 28, 3*d - 42 = -b - 2*b. Is d a composite number?
True
Let a(m) = 42*m - 1. Suppose 2*y - 6 = -y. Is a(y) a prime number?
True
Let w be (-1509)/(-15) + (-2)/(-5). Let g = -10 - 6. Let s = w + g. Is s prime?
False
Let p(z) be the second derivative of z**3/6 + 3*z**2/2 + z. Let w be p(7). Let c(m) = m + 11. Is c(w) composite?
True
Let j(t) = -t - 2. Let q be j(-5). Let i = q - 1. Is 323/i - (-1)/(-2) composite?
True
Let m = -47 - -67. Suppose -3*w + 0*w - 174 = -3*n, m = -4*w. Is n a composite number?
False
Suppose -6*d = -3*d - 21. Is d composite?
False
Let r(m) = -m**3 - m - 1. Let t be r(-1). Let b(d) = -2*d**3 - d**2. Let p be b(t). Is 2/p + 226/6 prime?
True
Let b(r) = 195*r + 32. Is b(11) composite?
True
Let j be 874/(-8) - 1/(-4). Let o = j + 196. Is o composite?
True
Let a(z) = z - 12. Let t be a(12). Is t + -3 - 86*-1 a prime number?
True
Let f = -3 - -4. Let g(o) = 37*o. Is g(f) prime?
True
Let i be (0 + (-2)/(-4))*108. Let j = i - -5. Is j a composite number?
False
Let j(l) = 31*l - 37. Is j(14) composite?
False
Suppose 5*d - 5 = 5. Suppose -3*j + 653 = 2*t - 242, -d*j + 606 = -t. Is j composite?
True
Let l(w) = -27*w - 2. Let p be (-5)/(5/2) + -2. Let z be l(p). Let o = z - 73. Is o prime?
False
Let w = -432 + 683. Is w composite?
False
Let b(y) = 4*y**2 + 3*y - 4. Is b(-11) prime?
False
Let p(t) = 148*t - 1. Is p(2) composite?
True
Let b be -6*11 + (-3)/(-1). Is ((-30)/9)/(6/b) prime?
False
Let f(u) be the first derivative of u**2 - 9*u + 1. Let x be f(7). Suppose -157 = -s - x*r - 40, -5*s + 637 = -r. Is s a composite number?
False
Let a = 17 - 164. Let d = -64 - a. Is d a prime number?
True
Let s(o) = -90*o**3 - o**2 - o - 1. Suppose 0 = -3*r + 3 - 6. Is s(r) a prime number?
True
Suppose g = 229 - 20. Is g a prime number?
False
Suppose -10 - 1 = -y. Is (129 - y) + 1/1 a prime number?
False
Let x(w) = -9 + 3*w - 9 + 22. Suppose 4*v + 3*k - 33 = 0, 3*k - 44 = -5*v + 2*k. Is x(v) prime?
True
Suppose 0 = -5*x + 3*k - 9 + 21, -x = 2*k + 8. Suppose 4*z - 138 = -2*p, p + z + x = 67. Is p a composite number?
True
Let s = 19 + -15. Is (s - 129/4)*-4 a prime number?
True
Suppose -4*k = 39 - 3. Let r = 24 + k. Is r a composite number?
True
Suppose 4*j + 6 = -l + 4*l, 0 = 5*j - 15. Let h(v) = 4*v + 5 + 2 + 2*v - 8. Is h(l) composite?
True
Is ((-3)/(-9))/((-5)/(-3390)) a composite number?
True
Is -2234*(3/(-6) + 0) prime?
True
Suppose 4*d - 1634 = f + 1062, -3*f = 2*d - 1334. Is d prime?
True
Suppose p = 2 - 3. Let b be 90/p*4/6. Let w = -25 - b. Is w a prime number?
False
Suppose 76 = 2*m - 50. Suppose m = 3*d - 2*d. Is 1561/d + (-4)/(-18) a prime number?
False
Let m be (6/4 + -2)*-22. Suppose v - m = 74. Is v a prime number?
False
Let b = -32 + 14. Let r be (-7 - -5)/((-2)/55). Let k = r + b. Is k composite?
False
Suppose 2*b - 6 = 46. Is b a composite number?
True
Let q = -4 + 3. Let w be (58/4)/(q/2). Let b = -20 - w. Is b prime?
False
Let b(k) = -43*k - 4. Is b(-11) a composite number?
True
Let r(m) = 2*m**3 + 12*m**2 - 9*m - 12. Let a be r(-8). Let j be 443/(-4) + 1/(-4). Let b = j - a. Is b a prime number?
False
Let n(w) = -3*w**3 - 4*w**2 - 5*w - 2. Let t be n(-4). Let k = -31 + t. Is k composite?
True
Let a be ((-4)/(-12))/((-2)/(-3516)). Suppose -a = -7*d + 5*d. Is d a prime number?
True
Suppose c - 6 = 5*d - 19, 0 = -2*d + c + 7. Suppose 4*r - 3275 = -5*n, 0 = -5*r - d*n - 0*n + 4081. Is r prime?
False
Is 2*-1*254/(-4) composite?
False
Let y = 612 + 1859. Is y composite?
True
Suppose -5*p = 2*z - 7*p - 808, -5*z - p = -2002. Is z prime?
True
Let b = 16 + -10. Suppose -3*y = -6*y - 3. Is ((-38)/b)/(y/3) composite?
False
Let l(b) = -9*b**3 + 3*b + 1. Let x be l(3). Is x/(1/(-2)*2) composite?
False
Suppose -5*t - k - 370 = -0*t, -k = -4*t - 296. Let c = -3 - t. Is c prime?
True
Let f(n) = n**3 + n**2 - 8*n + 6. Let w be f(5). Suppose -4*h = -w - 96. Suppose 5*j + 2*k - h = 16, 4*k = 2*j - 18. Is j a composite number?
False
Let q(g) = -3*g + 1. Let i be q(-8). Is (645/i)/(2/10) prime?
False
Let i(a) = a**2 - 6*a + 3. Let d be i(6). Suppose 2*z = 6*z - 1240. Is z/6 - 2/d a prime number?
False
Is ((-4)/(-5))/(12/2130) prime?
False
Suppose 3*x - 14 = -44. Is (-2)/((-8)/x - 1) prime?
False
Suppose 0 = -2*r - 4*q - 0 + 8, q - 11 = -5*r. Let h be 1 + (-9)/1*-6. Suppose 39 = r*s - h. Is s a prime number?
True
Let p(m) = 9*m**3 + m**2 + 6*m 